{"id":127,"date":"2015-11-24T10:27:42","date_gmt":"2015-11-24T09:27:42","guid":{"rendered":"http:\/\/www.colomalberti.fr\/?page_id=127"},"modified":"2019-06-19T14:40:43","modified_gmt":"2019-06-19T13:40:43","slug":"candidature-en-ligne","status":"publish","type":"page","link":"http:\/\/www.colomalberti.fr\/index.php\/candidature-en-ligne\/","title":{"rendered":"Postuler en ligne"},"content":{"rendered":"<p>[et_pb_section admin_label=\u00a0\u00bbSection\u00a0\u00bb fullwidth=\u00a0\u00bbon\u00a0\u00bb specialty=\u00a0\u00bboff\u00a0\u00bb background_image=\u00a0\u00bbhttp:\/\/www.colomalberti.fr\/wp-content\/uploads\/2015\/11\/orange1.png\u00a0\u00bb transparent_background=\u00a0\u00bboff\u00a0\u00bb allow_player_pause=\u00a0\u00bboff\u00a0\u00bb inner_shadow=\u00a0\u00bbon\u00a0\u00bb parallax=\u00a0\u00bbon\u00a0\u00bb parallax_method=\u00a0\u00bboff\u00a0\u00bb padding_mobile=\u00a0\u00bboff\u00a0\u00bb make_fullwidth=\u00a0\u00bboff\u00a0\u00bb use_custom_width=\u00a0\u00bboff\u00a0\u00bb width_unit=\u00a0\u00bbon\u00a0\u00bb make_equal=\u00a0\u00bboff\u00a0\u00bb use_custom_gutter=\u00a0\u00bboff\u00a0\u00bb custom_css_main_element=\u00a0\u00bbheight:130px\u00a0\u00bb][\/et_pb_section][et_pb_section admin_label=\u00a0\u00bbsection\u00a0\u00bb][et_pb_row admin_label=\u00a0\u00bbrow\u00a0\u00bb][et_pb_column type=\u00a0\u00bb4_4&Prime;][et_pb_text admin_label=\u00a0\u00bbTexte\u00a0\u00bb background_layout=\u00a0\u00bblight\u00a0\u00bb text_orientation=\u00a0\u00bbleft\u00a0\u00bb use_border_color=\u00a0\u00bboff\u00a0\u00bb border_color=\u00a0\u00bb#ffffff\u00a0\u00bb border_style=\u00a0\u00bbsolid\u00a0\u00bb]<\/p>\n<h1>Candidature en ligne<\/h1>\n<p><strong>Une offre vous int\u00e9resse ? Vous souhaitez nous proposer votre candidature ?\u00a0Nous vous remercions de l&rsquo;int\u00e9r\u00eat que vous portez \u00e0 Colom Alberti.<\/strong><\/p>\n<p><strong>Postulez directement via le formulaire ci-dessous. Votre demande sera trait\u00e9e dans les meilleurs d\u00e9lais.<\/strong><\/p>\n<p>[\/et_pb_text][et_pb_text admin_label=\u00a0\u00bbTexte\u00a0\u00bb background_layout=\u00a0\u00bblight\u00a0\u00bb text_orientation=\u00a0\u00bbleft\u00a0\u00bb use_border_color=\u00a0\u00bboff\u00a0\u00bb border_color=\u00a0\u00bb#ffffff\u00a0\u00bb border_style=\u00a0\u00bbsolid\u00a0\u00bb] <div role=\"form\" class=\"wpcf7\" id=\"wpcf7-f275-o1\" lang=\"fr-FR\" dir=\"ltr\">\n<div class=\"screen-reader-response\"><p role=\"status\" aria-live=\"polite\" aria-atomic=\"true\"><\/p> <ul><\/ul><\/div>\n<form action=\"\/index.php\/wp-json\/wp\/v2\/pages\/127#wpcf7-f275-o1\" method=\"post\" class=\"wpcf7-form init\" enctype=\"multipart\/form-data\" novalidate=\"novalidate\" data-status=\"init\">\n<div style=\"display: none;\">\n<input type=\"hidden\" name=\"_wpcf7\" value=\"275\" \/>\n<input type=\"hidden\" name=\"_wpcf7_version\" value=\"5.5.6\" \/>\n<input type=\"hidden\" name=\"_wpcf7_locale\" value=\"fr_FR\" \/>\n<input type=\"hidden\" name=\"_wpcf7_unit_tag\" value=\"wpcf7-f275-o1\" \/>\n<input type=\"hidden\" name=\"_wpcf7_container_post\" value=\"0\" \/>\n<input type=\"hidden\" name=\"_wpcf7_posted_data_hash\" value=\"\" \/>\n<\/div>\n<p>Votre nom*<br \/>\n    <span class=\"wpcf7-form-control-wrap text-725\"><input type=\"text\" name=\"text-725\" value=\"\" size=\"40\" class=\"wpcf7-form-control wpcf7-text wpcf7-validates-as-required\" aria-required=\"true\" aria-invalid=\"false\" \/><\/span> <\/p>\n<p>Votre pr\u00e9nom*<br \/>\n    <span class=\"wpcf7-form-control-wrap text-726\"><input type=\"text\" name=\"text-726\" value=\"\" size=\"40\" class=\"wpcf7-form-control wpcf7-text wpcf7-validates-as-required\" aria-required=\"true\" aria-invalid=\"false\" \/><\/span> <\/p>\n<p>Votre adresse*<br \/>\n    <span class=\"wpcf7-form-control-wrap text-727\"><input type=\"text\" name=\"text-727\" value=\"\" size=\"40\" class=\"wpcf7-form-control wpcf7-text wpcf7-validates-as-required\" aria-required=\"true\" aria-invalid=\"false\" \/><\/span> <\/p>\n<p>Code postal*<br \/>\n    <span class=\"wpcf7-form-control-wrap text-728\"><input type=\"text\" name=\"text-728\" value=\"\" size=\"40\" class=\"wpcf7-form-control wpcf7-text wpcf7-validates-as-required\" aria-required=\"true\" aria-invalid=\"false\" \/><\/span> <\/p>\n<p>Ville*<br \/>\n    <span class=\"wpcf7-form-control-wrap text-729\"><input type=\"text\" name=\"text-729\" value=\"\" size=\"40\" class=\"wpcf7-form-control wpcf7-text wpcf7-validates-as-required\" aria-required=\"true\" aria-invalid=\"false\" \/><\/span> <\/p>\n<p>Votre adresse email*<br \/>\n    <span class=\"wpcf7-form-control-wrap email-342\"><input type=\"email\" name=\"email-342\" value=\"\" size=\"40\" class=\"wpcf7-form-control wpcf7-text wpcf7-email wpcf7-validates-as-required wpcf7-validates-as-email\" aria-required=\"true\" aria-invalid=\"false\" \/><\/span> <\/p>\n<p>Votre num\u00e9ro de t\u00e9l\u00e9phone*<br \/>\n    <span class=\"wpcf7-form-control-wrap tel-434\"><input type=\"tel\" name=\"tel-434\" value=\"\" size=\"40\" class=\"wpcf7-form-control wpcf7-text wpcf7-tel wpcf7-validates-as-tel\" aria-invalid=\"false\" \/><\/span><\/p>\n<p>Pour quel(s) site(s) souhaitez-vous postuler ?*<br \/>\n     <span class=\"wpcf7-form-control-wrap checkbox-677\"><span class=\"wpcf7-form-control wpcf7-checkbox wpcf7-validates-as-required\"><span class=\"wpcf7-list-item first\"><label><input type=\"checkbox\" name=\"checkbox-677[]\" value=\"Mag-Fruits (Orl\u00e9ans - 45)\" \/><span class=\"wpcf7-list-item-label\">Mag-Fruits (Orl\u00e9ans - 45)<\/span><\/label><\/span><span class=\"wpcf7-list-item\"><label><input type=\"checkbox\" name=\"checkbox-677[]\" value=\"Mag-Prim (Melun - 77)\" \/><span class=\"wpcf7-list-item-label\">Mag-Prim (Melun - 77)<\/span><\/label><\/span><span class=\"wpcf7-list-item\"><label><input type=\"checkbox\" name=\"checkbox-677[]\" value=\"Marco-Danielou (Chartres - 28)\" \/><span class=\"wpcf7-list-item-label\">Marco-Danielou (Chartres - 28)<\/span><\/label><\/span><span class=\"wpcf7-list-item\"><label><input type=\"checkbox\" name=\"checkbox-677[]\" value=\"Colom alberti (Bourges - 18)\" \/><span class=\"wpcf7-list-item-label\">Colom alberti (Bourges - 18)<\/span><\/label><\/span><span class=\"wpcf7-list-item\"><label><input type=\"checkbox\" name=\"checkbox-677[]\" value=\"Egimer (Bourges - 18)\" \/><span class=\"wpcf7-list-item-label\">Egimer (Bourges - 18)<\/span><\/label><\/span><span class=\"wpcf7-list-item\"><label><input type=\"checkbox\" name=\"checkbox-677[]\" value=\"Banabel (Poitiers - 86)\" \/><span class=\"wpcf7-list-item-label\">Banabel (Poitiers - 86)<\/span><\/label><\/span><span class=\"wpcf7-list-item\"><label><input type=\"checkbox\" name=\"checkbox-677[]\" value=\"Saint-Sat&#039;Primeurs (P\u00e9rigny - 17)\" \/><span class=\"wpcf7-list-item-label\">Saint-Sat&#039;Primeurs (P\u00e9rigny - 17)<\/span><\/label><\/span><span class=\"wpcf7-list-item last\"><label><input type=\"checkbox\" name=\"checkbox-677[]\" value=\"Egimer (P\u00e9rigny - 17)\" \/><span class=\"wpcf7-list-item-label\">Egimer (P\u00e9rigny - 17)<\/span><\/label><\/span><\/span><\/span><\/p>\n<p>Pour quel(s) poste(s) souhaitez-vous postuler ?*<br \/>\n     <span class=\"wpcf7-form-control-wrap checkbox-844\"><span class=\"wpcf7-form-control wpcf7-checkbox wpcf7-validates-as-required\"><span class=\"wpcf7-list-item first\"><label><input type=\"checkbox\" name=\"checkbox-844[]\" value=\"Chauffeur\" \/><span class=\"wpcf7-list-item-label\">Chauffeur<\/span><\/label><\/span><span class=\"wpcf7-list-item\"><label><input type=\"checkbox\" name=\"checkbox-844[]\" value=\"Pr\u00e9parateur\" \/><span class=\"wpcf7-list-item-label\">Pr\u00e9parateur<\/span><\/label><\/span><span class=\"wpcf7-list-item\"><label><input type=\"checkbox\" name=\"checkbox-844[]\" value=\"Commercial(e)\" \/><span class=\"wpcf7-list-item-label\">Commercial(e)<\/span><\/label><\/span><span class=\"wpcf7-list-item\"><label><input type=\"checkbox\" name=\"checkbox-844[]\" value=\"Assistant(e) commercial(e)\" \/><span class=\"wpcf7-list-item-label\">Assistant(e) commercial(e)<\/span><\/label><\/span><span class=\"wpcf7-list-item last\"><label><input type=\"checkbox\" name=\"checkbox-844[]\" value=\"Stage\" \/><span class=\"wpcf7-list-item-label\">Stage<\/span><\/label><\/span><\/span><\/span><\/p>\n<p>A quelle date \u00eates-vous disponible ?<br \/>\n    <span class=\"wpcf7-form-control-wrap date-49\"><input type=\"date\" name=\"date-49\" value=\"\" class=\"wpcf7-form-control wpcf7-date wpcf7-validates-as-date\" aria-invalid=\"false\" \/><\/span><\/p>\n<p>Joignez votre CV<br \/>\n    <span class=\"wpcf7-form-control-wrap file-62\"><input type=\"file\" name=\"file-62\" size=\"40\" class=\"wpcf7-form-control wpcf7-file\" accept=\".jpg,.jpeg,.png,.gif,.pdf,.doc,.docx,.ppt,.pptx,.odt,.avi,.ogg,.m4a,.mov,.mp3,.mp4,.mpg,.wav,.wmv\" aria-invalid=\"false\" \/><\/span> <\/p>\n<p>Vos motivations*<br \/>\n    <span class=\"wpcf7-form-control-wrap textarea-294\"><textarea name=\"textarea-294\" cols=\"40\" rows=\"10\" class=\"wpcf7-form-control wpcf7-textarea wpcf7-validates-as-required\" aria-required=\"true\" aria-invalid=\"false\"><\/textarea><\/span> <\/p>\n<p><input type=\"submit\" value=\"Postuler\" class=\"wpcf7-form-control has-spinner wpcf7-submit\" \/><\/p>\n<p>*champs obligatoires<\/p>\n<div class=\"wpcf7-response-output\" aria-hidden=\"true\"><\/div><\/form><\/div> [\/et_pb_text][\/et_pb_column][\/et_pb_row][et_pb_row admin_label=\u00a0\u00bbLigne\u00a0\u00bb][et_pb_column type=\u00a0\u00bb1_2&Prime;][\/et_pb_column][et_pb_column type=\u00a0\u00bb1_2&Prime;][et_pb_cta admin_label=\u00a0\u00bbAppel d&rsquo;action\u00a0\u00bb button_url=\u00a0\u00bbhttp:\/\/www.colomalberti.fr\/index.php\/nous-rejoindre\/les-offres-demploi\/\u00a0\u00bb url_new_window=\u00a0\u00bboff\u00a0\u00bb button_text=\u00a0\u00bbVoir les offres d&#8217;emploi\u00a0\u00bb use_background_color=\u00a0\u00bboff\u00a0\u00bb background_color=\u00a0\u00bbrgba(120,48,146,0)\u00a0\u00bb background_layout=\u00a0\u00bblight\u00a0\u00bb text_orientation=\u00a0\u00bbright\u00a0\u00bb use_border_color=\u00a0\u00bboff\u00a0\u00bb border_color=\u00a0\u00bb#ffffff\u00a0\u00bb border_style=\u00a0\u00bbsolid\u00a0\u00bb custom_button=\u00a0\u00bboff\u00a0\u00bb button_letter_spacing=\u00a0\u00bb0&Prime; button_use_icon=\u00a0\u00bbdefault\u00a0\u00bb button_icon_placement=\u00a0\u00bbright\u00a0\u00bb button_on_hover=\u00a0\u00bbon\u00a0\u00bb button_letter_spacing_hover=\u00a0\u00bb0&Prime;] [\/et_pb_cta][\/et_pb_column][\/et_pb_row][\/et_pb_section][et_pb_section admin_label=\u00a0\u00bbSection\u00a0\u00bb fullwidth=\u00a0\u00bbon\u00a0\u00bb specialty=\u00a0\u00bboff\u00a0\u00bb background_image=\u00a0\u00bbhttp:\/\/www.colomalberti.fr\/wp-content\/uploads\/2015\/11\/orange1.png\u00a0\u00bb transparent_background=\u00a0\u00bboff\u00a0\u00bb allow_player_pause=\u00a0\u00bboff\u00a0\u00bb inner_shadow=\u00a0\u00bbon\u00a0\u00bb parallax=\u00a0\u00bbon\u00a0\u00bb parallax_method=\u00a0\u00bboff\u00a0\u00bb padding_mobile=\u00a0\u00bboff\u00a0\u00bb make_fullwidth=\u00a0\u00bboff\u00a0\u00bb use_custom_width=\u00a0\u00bboff\u00a0\u00bb width_unit=\u00a0\u00bbon\u00a0\u00bb make_equal=\u00a0\u00bboff\u00a0\u00bb use_custom_gutter=\u00a0\u00bboff\u00a0\u00bb custom_css_main_element=\u00a0\u00bbheight:130px\u00a0\u00bb][\/et_pb_section]<\/p>\n","protected":false},"excerpt":{"rendered":"<p>Candidature en ligne Une offre vous int\u00e9resse ? Vous souhaitez nous proposer votre candidature ?\u00a0Nous vous remercions de l&rsquo;int\u00e9r\u00eat que vous portez \u00e0 Colom Alberti. Postulez directement via le formulaire ci-dessous. Votre demande sera trait\u00e9e dans les meilleurs d\u00e9lais. <div role=\"form\" class=\"wpcf7\" id=\"wpcf7-f275-o2\" lang=\"fr-FR\" dir=\"ltr\">\n<div class=\"screen-reader-response\"><p role=\"status\" aria-live=\"polite\" aria-atomic=\"true\"><\/p> <ul><\/ul><\/div>\n<form action=\"\/index.php\/wp-json\/wp\/v2\/pages\/127#wpcf7-f275-o2\" method=\"post\" class=\"wpcf7-form init\" enctype=\"multipart\/form-data\" novalidate=\"novalidate\" data-status=\"init\">\n<div style=\"display: none;\">\n<input type=\"hidden\" name=\"_wpcf7\" value=\"275\" \/>\n<input type=\"hidden\" name=\"_wpcf7_version\" value=\"5.5.6\" \/>\n<input type=\"hidden\" name=\"_wpcf7_locale\" value=\"fr_FR\" \/>\n<input type=\"hidden\" name=\"_wpcf7_unit_tag\" value=\"wpcf7-f275-o2\" \/>\n<input type=\"hidden\" name=\"_wpcf7_container_post\" value=\"0\" \/>\n<input type=\"hidden\" name=\"_wpcf7_posted_data_hash\" value=\"\" \/>\n<\/div>\n<p>Votre nom*<br \/>\n    <span class=\"wpcf7-form-control-wrap text-725\"><input type=\"text\" name=\"text-725\" value=\"\" size=\"40\" class=\"wpcf7-form-control wpcf7-text wpcf7-validates-as-required\" aria-required=\"true\" aria-invalid=\"false\" \/><\/span> <\/p>\n<p>Votre pr\u00e9nom*<br \/>\n    <span class=\"wpcf7-form-control-wrap text-726\"><input type=\"text\" name=\"text-726\" value=\"\" size=\"40\" class=\"wpcf7-form-control wpcf7-text wpcf7-validates-as-required\" aria-required=\"true\" aria-invalid=\"false\" \/><\/span> <\/p>\n<p>Votre adresse*<br \/>\n    <span class=\"wpcf7-form-control-wrap text-727\"><input type=\"text\" name=\"text-727\" value=\"\" size=\"40\" class=\"wpcf7-form-control wpcf7-text wpcf7-validates-as-required\" aria-required=\"true\" aria-invalid=\"false\" \/><\/span> <\/p>\n<p>Code postal*<br \/>\n    <span class=\"wpcf7-form-control-wrap text-728\"><input type=\"text\" name=\"text-728\" value=\"\" size=\"40\" class=\"wpcf7-form-control wpcf7-text wpcf7-validates-as-required\" aria-required=\"true\" aria-invalid=\"false\" \/><\/span> <\/p>\n<p>Ville*<br \/>\n    <span class=\"wpcf7-form-control-wrap text-729\"><input type=\"text\" name=\"text-729\" value=\"\" size=\"40\" class=\"wpcf7-form-control wpcf7-text wpcf7-validates-as-required\" aria-required=\"true\" aria-invalid=\"false\" \/><\/span> <\/p>\n<p>Votre adresse email*<br \/>\n    <span class=\"wpcf7-form-control-wrap email-342\"><input type=\"email\" name=\"email-342\" value=\"\" size=\"40\" class=\"wpcf7-form-control wpcf7-text wpcf7-email wpcf7-validates-as-required wpcf7-validates-as-email\" aria-required=\"true\" aria-invalid=\"false\" \/><\/span> <\/p>\n<p>Votre num\u00e9ro de t\u00e9l\u00e9phone*<br \/>\n    <span class=\"wpcf7-form-control-wrap tel-434\"><input type=\"tel\" name=\"tel-434\" value=\"\" size=\"40\" class=\"wpcf7-form-control wpcf7-text wpcf7-tel wpcf7-validates-as-tel\" aria-invalid=\"false\" \/><\/span><\/p>\n<p>Pour quel(s) site(s) souhaitez-vous postuler ?*<br \/>\n     <span class=\"wpcf7-form-control-wrap checkbox-677\"><span class=\"wpcf7-form-control wpcf7-checkbox wpcf7-validates-as-required\"><span class=\"wpcf7-list-item first\"><label><input type=\"checkbox\" name=\"checkbox-677[]\" value=\"Mag-Fruits (Orl\u00e9ans - 45)\" \/><span class=\"wpcf7-list-item-label\">Mag-Fruits (Orl\u00e9ans - 45)<\/span><\/label><\/span><span class=\"wpcf7-list-item\"><label><input type=\"checkbox\" name=\"checkbox-677[]\" value=\"Mag-Prim (Melun - 77)\" \/><span class=\"wpcf7-list-item-label\">Mag-Prim (Melun - 77)<\/span><\/label><\/span><span class=\"wpcf7-list-item\"><label><input type=\"checkbox\" name=\"checkbox-677[]\" value=\"Marco-Danielou (Chartres - 28)\" \/><span class=\"wpcf7-list-item-label\">Marco-Danielou (Chartres - 28)<\/span><\/label><\/span><span class=\"wpcf7-list-item\"><label><input type=\"checkbox\" name=\"checkbox-677[]\" value=\"Colom alberti (Bourges - 18)\" \/><span class=\"wpcf7-list-item-label\">Colom alberti (Bourges - 18)<\/span><\/label><\/span><span class=\"wpcf7-list-item\"><label><input type=\"checkbox\" name=\"checkbox-677[]\" value=\"Egimer (Bourges - 18)\" \/><span class=\"wpcf7-list-item-label\">Egimer (Bourges - 18)<\/span><\/label><\/span><span class=\"wpcf7-list-item\"><label><input type=\"checkbox\" name=\"checkbox-677[]\" value=\"Banabel (Poitiers - 86)\" \/><span class=\"wpcf7-list-item-label\">Banabel (Poitiers - 86)<\/span><\/label><\/span><span class=\"wpcf7-list-item\"><label><input type=\"checkbox\" name=\"checkbox-677[]\" value=\"Saint-Sat&#039;Primeurs (P\u00e9rigny - 17)\" \/><span class=\"wpcf7-list-item-label\">Saint-Sat&#039;Primeurs (P\u00e9rigny - 17)<\/span><\/label><\/span><span class=\"wpcf7-list-item last\"><label><input type=\"checkbox\" name=\"checkbox-677[]\" value=\"Egimer (P\u00e9rigny - 17)\" \/><span class=\"wpcf7-list-item-label\">Egimer (P\u00e9rigny - 17)<\/span><\/label><\/span><\/span><\/span><\/p>\n<p>Pour quel(s) poste(s) souhaitez-vous postuler ?*<br \/>\n     <span class=\"wpcf7-form-control-wrap checkbox-844\"><span class=\"wpcf7-form-control wpcf7-checkbox wpcf7-validates-as-required\"><span class=\"wpcf7-list-item first\"><label><input type=\"checkbox\" name=\"checkbox-844[]\" value=\"Chauffeur\" \/><span class=\"wpcf7-list-item-label\">Chauffeur<\/span><\/label><\/span><span class=\"wpcf7-list-item\"><label><input type=\"checkbox\" name=\"checkbox-844[]\" value=\"Pr\u00e9parateur\" \/><span class=\"wpcf7-list-item-label\">Pr\u00e9parateur<\/span><\/label><\/span><span class=\"wpcf7-list-item\"><label><input type=\"checkbox\" name=\"checkbox-844[]\" value=\"Commercial(e)\" \/><span class=\"wpcf7-list-item-label\">Commercial(e)<\/span><\/label><\/span><span class=\"wpcf7-list-item\"><label><input type=\"checkbox\" name=\"checkbox-844[]\" value=\"Assistant(e) commercial(e)\" \/><span class=\"wpcf7-list-item-label\">Assistant(e) commercial(e)<\/span><\/label><\/span><span class=\"wpcf7-list-item last\"><label><input type=\"checkbox\" name=\"checkbox-844[]\" value=\"Stage\" \/><span class=\"wpcf7-list-item-label\">Stage<\/span><\/label><\/span><\/span><\/span><\/p>\n<p>A quelle date \u00eates-vous disponible ?<br \/>\n    <span class=\"wpcf7-form-control-wrap date-49\"><input type=\"date\" name=\"date-49\" value=\"\" class=\"wpcf7-form-control wpcf7-date wpcf7-validates-as-date\" aria-invalid=\"false\" \/><\/span><\/p>\n<p>Joignez votre CV<br \/>\n    <span class=\"wpcf7-form-control-wrap file-62\"><input type=\"file\" name=\"file-62\" size=\"40\" class=\"wpcf7-form-control wpcf7-file\" accept=\".jpg,.jpeg,.png,.gif,.pdf,.doc,.docx,.ppt,.pptx,.odt,.avi,.ogg,.m4a,.mov,.mp3,.mp4,.mpg,.wav,.wmv\" aria-invalid=\"false\" \/><\/span> <\/p>\n<p>Vos motivations*<br \/>\n    <span class=\"wpcf7-form-control-wrap textarea-294\"><textarea name=\"textarea-294\" cols=\"40\" rows=\"10\" class=\"wpcf7-form-control wpcf7-textarea wpcf7-validates-as-required\" aria-required=\"true\" aria-invalid=\"false\"><\/textarea><\/span> <\/p>\n<p><input type=\"submit\" value=\"Postuler\" class=\"wpcf7-form-control has-spinner wpcf7-submit\" \/><\/p>\n<p>*champs obligatoires<\/p>\n<div class=\"wpcf7-response-output\" aria-hidden=\"true\"><\/div><\/form><\/div><\/p>\n","protected":false},"author":1,"featured_media":0,"parent":0,"menu_order":0,"comment_status":"closed","ping_status":"closed","template":"","meta":{"_et_pb_use_builder":"on","_et_pb_old_content":"","_et_gb_content_width":""},"yoast_head":"<!-- This site is optimized with the Yoast SEO plugin v18.6 - https:\/\/yoast.com\/wordpress\/plugins\/seo\/ -->\n<title>Candidature en ligne | Colom Alberti - Au coeur du frais<\/title>\n<meta name=\"description\" content=\"Envie de nous rejoindre ? Postulez\u00a0en ligne\u00a0via le formulaire de candidature. D\u00e9couvrez \u00e9galement l&#039;ensemble de nos offres d&#039;emploi.\" \/>\n<meta name=\"robots\" content=\"index, follow, max-snippet:-1, max-image-preview:large, max-video-preview:-1\" \/>\n<link rel=\"canonical\" href=\"http:\/\/www.mag-fruits.fr\/index.php\/candidature-en-ligne\/\" \/>\n<meta property=\"og:locale\" content=\"fr_FR\" \/>\n<meta property=\"og:type\" content=\"article\" \/>\n<meta property=\"og:title\" content=\"Candidature en ligne | Colom Alberti - Au coeur du frais\" \/>\n<meta property=\"og:description\" content=\"Envie de nous rejoindre ? Postulez\u00a0en ligne\u00a0via le formulaire de candidature. D\u00e9couvrez \u00e9galement l&#039;ensemble de nos offres d&#039;emploi.\" \/>\n<meta property=\"og:url\" content=\"http:\/\/www.mag-fruits.fr\/index.php\/candidature-en-ligne\/\" \/>\n<meta property=\"og:site_name\" content=\"Colom Alberti\" \/>\n<meta property=\"article:modified_time\" content=\"2019-06-19T13:40:43+00:00\" \/>\n<meta name=\"twitter:card\" content=\"summary\" \/>\n<meta name=\"twitter:label1\" content=\"Dur\u00e9e de lecture estim\u00e9e\" \/>\n\t<meta name=\"twitter:data1\" content=\"2 minutes\" \/>\n<script type=\"application\/ld+json\" class=\"yoast-schema-graph\">{\"@context\":\"https:\/\/schema.org\",\"@graph\":[{\"@type\":\"WebSite\",\"@id\":\"https:\/\/www.colomalberti.fr\/#website\",\"url\":\"https:\/\/www.colomalberti.fr\/\",\"name\":\"Colom Alberti\",\"description\":\"Au coeur du frais\",\"potentialAction\":[{\"@type\":\"SearchAction\",\"target\":{\"@type\":\"EntryPoint\",\"urlTemplate\":\"https:\/\/www.colomalberti.fr\/?s={search_term_string}\"},\"query-input\":\"required name=search_term_string\"}],\"inLanguage\":\"fr-FR\"},{\"@type\":\"WebPage\",\"@id\":\"http:\/\/www.mag-fruits.fr\/index.php\/candidature-en-ligne\/#webpage\",\"url\":\"http:\/\/www.mag-fruits.fr\/index.php\/candidature-en-ligne\/\",\"name\":\"Candidature en ligne | Colom Alberti - Au coeur du frais\",\"isPartOf\":{\"@id\":\"https:\/\/www.colomalberti.fr\/#website\"},\"datePublished\":\"2015-11-24T09:27:42+00:00\",\"dateModified\":\"2019-06-19T13:40:43+00:00\",\"description\":\"Envie de nous rejoindre ? Postulez\u00a0en ligne\u00a0via le formulaire de candidature. D\u00e9couvrez \u00e9galement l'ensemble de nos offres d'emploi.\",\"breadcrumb\":{\"@id\":\"http:\/\/www.mag-fruits.fr\/index.php\/candidature-en-ligne\/#breadcrumb\"},\"inLanguage\":\"fr-FR\",\"potentialAction\":[{\"@type\":\"ReadAction\",\"target\":[\"http:\/\/www.mag-fruits.fr\/index.php\/candidature-en-ligne\/\"]}]},{\"@type\":\"BreadcrumbList\",\"@id\":\"http:\/\/www.mag-fruits.fr\/index.php\/candidature-en-ligne\/#breadcrumb\",\"itemListElement\":[{\"@type\":\"ListItem\",\"position\":1,\"name\":\"Accueil\",\"item\":\"https:\/\/www.colomalberti.fr\/\"},{\"@type\":\"ListItem\",\"position\":2,\"name\":\"Postuler en ligne\"}]}]}<\/script>\n<!-- \/ Yoast SEO plugin. -->","yoast_head_json":{"title":"Candidature en ligne | Colom Alberti - Au coeur du frais","description":"Envie de nous rejoindre ? Postulez\u00a0en ligne\u00a0via le formulaire de candidature. D\u00e9couvrez \u00e9galement l'ensemble de nos offres d'emploi.","robots":{"index":"index","follow":"follow","max-snippet":"max-snippet:-1","max-image-preview":"max-image-preview:large","max-video-preview":"max-video-preview:-1"},"canonical":"http:\/\/www.mag-fruits.fr\/index.php\/candidature-en-ligne\/","og_locale":"fr_FR","og_type":"article","og_title":"Candidature en ligne | Colom Alberti - Au coeur du frais","og_description":"Envie de nous rejoindre ? Postulez\u00a0en ligne\u00a0via le formulaire de candidature. D\u00e9couvrez \u00e9galement l'ensemble de nos offres d'emploi.","og_url":"http:\/\/www.mag-fruits.fr\/index.php\/candidature-en-ligne\/","og_site_name":"Colom Alberti","article_modified_time":"2019-06-19T13:40:43+00:00","twitter_card":"summary","twitter_misc":{"Dur\u00e9e de lecture estim\u00e9e":"2 minutes"},"schema":{"@context":"https:\/\/schema.org","@graph":[{"@type":"WebSite","@id":"https:\/\/www.colomalberti.fr\/#website","url":"https:\/\/www.colomalberti.fr\/","name":"Colom Alberti","description":"Au coeur du frais","potentialAction":[{"@type":"SearchAction","target":{"@type":"EntryPoint","urlTemplate":"https:\/\/www.colomalberti.fr\/?s={search_term_string}"},"query-input":"required name=search_term_string"}],"inLanguage":"fr-FR"},{"@type":"WebPage","@id":"http:\/\/www.mag-fruits.fr\/index.php\/candidature-en-ligne\/#webpage","url":"http:\/\/www.mag-fruits.fr\/index.php\/candidature-en-ligne\/","name":"Candidature en ligne | Colom Alberti - Au coeur du frais","isPartOf":{"@id":"https:\/\/www.colomalberti.fr\/#website"},"datePublished":"2015-11-24T09:27:42+00:00","dateModified":"2019-06-19T13:40:43+00:00","description":"Envie de nous rejoindre ? Postulez\u00a0en ligne\u00a0via le formulaire de candidature. D\u00e9couvrez \u00e9galement l'ensemble de nos offres d'emploi.","breadcrumb":{"@id":"http:\/\/www.mag-fruits.fr\/index.php\/candidature-en-ligne\/#breadcrumb"},"inLanguage":"fr-FR","potentialAction":[{"@type":"ReadAction","target":["http:\/\/www.mag-fruits.fr\/index.php\/candidature-en-ligne\/"]}]},{"@type":"BreadcrumbList","@id":"http:\/\/www.mag-fruits.fr\/index.php\/candidature-en-ligne\/#breadcrumb","itemListElement":[{"@type":"ListItem","position":1,"name":"Accueil","item":"https:\/\/www.colomalberti.fr\/"},{"@type":"ListItem","position":2,"name":"Postuler en ligne"}]}]}},"_links":{"self":[{"href":"http:\/\/www.colomalberti.fr\/index.php\/wp-json\/wp\/v2\/pages\/127"}],"collection":[{"href":"http:\/\/www.colomalberti.fr\/index.php\/wp-json\/wp\/v2\/pages"}],"about":[{"href":"http:\/\/www.colomalberti.fr\/index.php\/wp-json\/wp\/v2\/types\/page"}],"author":[{"embeddable":true,"href":"http:\/\/www.colomalberti.fr\/index.php\/wp-json\/wp\/v2\/users\/1"}],"replies":[{"embeddable":true,"href":"http:\/\/www.colomalberti.fr\/index.php\/wp-json\/wp\/v2\/comments?post=127"}],"version-history":[{"count":11,"href":"http:\/\/www.colomalberti.fr\/index.php\/wp-json\/wp\/v2\/pages\/127\/revisions"}],"predecessor-version":[{"id":1107,"href":"http:\/\/www.colomalberti.fr\/index.php\/wp-json\/wp\/v2\/pages\/127\/revisions\/1107"}],"wp:attachment":[{"href":"http:\/\/www.colomalberti.fr\/index.php\/wp-json\/wp\/v2\/media?parent=127"}],"curies":[{"name":"wp","href":"https:\/\/api.w.org\/{rel}","templated":true}]}}