{"id":103,"date":"2015-11-24T10:23:41","date_gmt":"2015-11-24T09:23:41","guid":{"rendered":"http:\/\/www.colomalberti.fr\/?page_id=103"},"modified":"2022-04-27T10:04:55","modified_gmt":"2022-04-27T09:04:55","slug":"offre-restauration-sociale-hors-domicile","status":"publish","type":"page","link":"http:\/\/www.colomalberti.fr\/index.php\/offre-restauration-sociale-hors-domicile\/","title":{"rendered":"Offre Restauration collective"},"content":{"rendered":"<p>[et_pb_section admin_label=\u00a0\u00bbSection\u00a0\u00bb fullwidth=\u00a0\u00bbon\u00a0\u00bb specialty=\u00a0\u00bboff\u00a0\u00bb background_image=\u00a0\u00bbhttp:\/\/www.colomalberti.fr\/wp-content\/uploads\/2015\/12\/restauration-hors-domicile.jpg\u00a0\u00bb transparent_background=\u00a0\u00bboff\u00a0\u00bb allow_player_pause=\u00a0\u00bboff\u00a0\u00bb inner_shadow=\u00a0\u00bboff\u00a0\u00bb parallax=\u00a0\u00bbon\u00a0\u00bb parallax_method=\u00a0\u00bboff\u00a0\u00bb padding_mobile=\u00a0\u00bboff\u00a0\u00bb make_fullwidth=\u00a0\u00bboff\u00a0\u00bb use_custom_width=\u00a0\u00bboff\u00a0\u00bb width_unit=\u00a0\u00bbon\u00a0\u00bb make_equal=\u00a0\u00bboff\u00a0\u00bb use_custom_gutter=\u00a0\u00bboff\u00a0\u00bb custom_css_main_element=\u00a0\u00bbheight:150px\u00a0\u00bb][\/et_pb_section][et_pb_section admin_label=\u00a0\u00bbSection\u00a0\u00bb fullwidth=\u00a0\u00bboff\u00a0\u00bb specialty=\u00a0\u00bbon\u00a0\u00bb][et_pb_column type=\u00a0\u00bb3_4&Prime; specialty_columns=\u00a0\u00bb3&Prime;][et_pb_row_inner admin_label=\u00a0\u00bbLigne\u00a0\u00bb][et_pb_column_inner type=\u00a0\u00bb4_4&Prime; saved_specialty_column_type=\u00a0\u00bb3_4&Prime;][et_pb_text admin_label=\u00a0\u00bbTexte\u00a0\u00bb background_layout=\u00a0\u00bblight\u00a0\u00bb text_orientation=\u00a0\u00bbleft\u00a0\u00bb use_border_color=\u00a0\u00bboff\u00a0\u00bb border_color=\u00a0\u00bb#ffffff\u00a0\u00bb border_style=\u00a0\u00bbsolid\u00a0\u00bb]<\/p>\n<h1>La restauration sociale hors domicile (RHD)<\/h1>\n<p>[\/et_pb_text][et_pb_text admin_label=\u00a0\u00bbTexte\u00a0\u00bb background_layout=\u00a0\u00bblight\u00a0\u00bb text_orientation=\u00a0\u00bbleft\u00a0\u00bb use_border_color=\u00a0\u00bboff\u00a0\u00bb border_color=\u00a0\u00bb#ffffff\u00a0\u00bb border_style=\u00a0\u00bbsolid\u00a0\u00bb]<\/p>\n<p>Nous diposons d&rsquo;une <strong>offre\u00a0compl\u00e8te et vari\u00e9e<\/strong> adapt\u00e9e \u00e0 la restauration sociale hors domicile :<\/p>\n<ul>\n<li><strong>1\u00e8re gamme<\/strong> : fruits et l\u00e9gumes frais<\/li>\n<li><strong>4\u00e8me gamme<\/strong> : fruits et l\u00e9gumes transform\u00e9s crus pr\u00eats \u00e0 l&#8217;emploi<\/li>\n<li><strong>5\u00e8me gamme<\/strong> : produits transform\u00e9s cuits (pommes de terre, frites, salades traiteurs)<\/li>\n<li><strong>Une gamme BIO<\/strong><\/li>\n<\/ul>\n<p>Nos produits sont calibr\u00e9s de fa\u00e7on \u00e0 obtenir un<strong> grammage adapt\u00e9<\/strong> \u00e0 vos besoins.<\/p>\n<p>Dans notre s\u00e9lection nous privil\u00e9gions les produits d\u00e9tenant les<strong> meilleures valeurs organoleptiques et nutritionnelles<\/strong>.<\/p>\n<p>[\/et_pb_text][\/et_pb_column_inner][\/et_pb_row_inner][et_pb_row_inner admin_label=\u00a0\u00bbLigne\u00a0\u00bb][et_pb_column_inner type=\u00a0\u00bb1_3&Prime; saved_specialty_column_type=\u00a0\u00bb3_4&Prime;][et_pb_blurb admin_label=\u00a0\u00bbR\u00e9sum\u00e9\u00a0\u00bb url_new_window=\u00a0\u00bboff\u00a0\u00bb use_icon=\u00a0\u00bbon\u00a0\u00bb font_icon=\u00a0\u00bb%%305%%\u00a0\u00bb icon_color=\u00a0\u00bb#9ccb3b\u00a0\u00bb use_circle=\u00a0\u00bboff\u00a0\u00bb circle_color=\u00a0\u00bb#783092&Prime; use_circle_border=\u00a0\u00bboff\u00a0\u00bb circle_border_color=\u00a0\u00bb#783092&Prime; icon_placement=\u00a0\u00bbtop\u00a0\u00bb animation=\u00a0\u00bboff\u00a0\u00bb background_layout=\u00a0\u00bblight\u00a0\u00bb text_orientation=\u00a0\u00bbleft\u00a0\u00bb use_icon_font_size=\u00a0\u00bboff\u00a0\u00bb use_border_color=\u00a0\u00bboff\u00a0\u00bb border_color=\u00a0\u00bb#ffffff\u00a0\u00bb border_style=\u00a0\u00bbsolid\u00a0\u00bb]<\/p>\n<p style=\"text-align: center;\"><strong>Une \u00e9quipe \u00e0 votre \u00e9coute pour vous apporter un conseil personnalis\u00e9.<\/strong><\/p>\n<p>[\/et_pb_blurb][\/et_pb_column_inner][et_pb_column_inner type=\u00a0\u00bb1_3&Prime; saved_specialty_column_type=\u00a0\u00bb3_4&Prime;][et_pb_blurb admin_label=\u00a0\u00bbR\u00e9sum\u00e9\u00a0\u00bb url_new_window=\u00a0\u00bbon\u00a0\u00bb use_icon=\u00a0\u00bbon\u00a0\u00bb font_icon=\u00a0\u00bb%%122%%\u00a0\u00bb icon_color=\u00a0\u00bb#9ccb3b\u00a0\u00bb use_circle=\u00a0\u00bboff\u00a0\u00bb circle_color=\u00a0\u00bb#783092&Prime; use_circle_border=\u00a0\u00bboff\u00a0\u00bb circle_border_color=\u00a0\u00bb#783092&Prime; icon_placement=\u00a0\u00bbtop\u00a0\u00bb animation=\u00a0\u00bboff\u00a0\u00bb background_layout=\u00a0\u00bblight\u00a0\u00bb text_orientation=\u00a0\u00bbleft\u00a0\u00bb use_icon_font_size=\u00a0\u00bboff\u00a0\u00bb use_border_color=\u00a0\u00bboff\u00a0\u00bb border_color=\u00a0\u00bb#ffffff\u00a0\u00bb border_style=\u00a0\u00bbsolid\u00a0\u00bb url=\u00a0\u00bbhttp:\/\/www.jardindici.fr\u00a0\u00bb]<\/p>\n<p style=\"text-align: center;\"><strong>Une d\u00e9marche pour valoriser\u00a0la production locale aupr\u00e8s de vos convives.<\/strong><\/p>\n<p>[\/et_pb_blurb][\/et_pb_column_inner][et_pb_column_inner type=\u00a0\u00bb1_3&Prime; saved_specialty_column_type=\u00a0\u00bb3_4&Prime;][et_pb_blurb admin_label=\u00a0\u00bbR\u00e9sum\u00e9\u00a0\u00bb url_new_window=\u00a0\u00bboff\u00a0\u00bb use_icon=\u00a0\u00bbon\u00a0\u00bb font_icon=\u00a0\u00bb%%251%%\u00a0\u00bb icon_color=\u00a0\u00bb#9ccb3b\u00a0\u00bb use_circle=\u00a0\u00bboff\u00a0\u00bb circle_color=\u00a0\u00bb#783092&Prime; use_circle_border=\u00a0\u00bboff\u00a0\u00bb circle_border_color=\u00a0\u00bb#783092&Prime; icon_placement=\u00a0\u00bbtop\u00a0\u00bb animation=\u00a0\u00bboff\u00a0\u00bb background_layout=\u00a0\u00bblight\u00a0\u00bb text_orientation=\u00a0\u00bbleft\u00a0\u00bb use_icon_font_size=\u00a0\u00bboff\u00a0\u00bb use_border_color=\u00a0\u00bboff\u00a0\u00bb border_color=\u00a0\u00bb#ffffff\u00a0\u00bb border_style=\u00a0\u00bbsolid\u00a0\u00bb]<\/p>\n<p style=\"text-align: center;\"><strong>Des animations en coh\u00e9rence avec le GEMRCN pour mettre en valeur\u00a0vos menus.<\/strong><\/p>\n<p>[\/et_pb_blurb][\/et_pb_column_inner][\/et_pb_row_inner][et_pb_row_inner admin_label=\u00a0\u00bbLigne\u00a0\u00bb][et_pb_column_inner type=\u00a0\u00bb4_4&Prime; saved_specialty_column_type=\u00a0\u00bb3_4&Prime;][et_pb_gallery admin_label=\u00a0\u00bbGalerie\u00a0\u00bb gallery_ids=\u00a0\u00bb811,361,810&Prime; fullwidth=\u00a0\u00bbon\u00a0\u00bb show_title_and_caption=\u00a0\u00bboff\u00a0\u00bb show_pagination=\u00a0\u00bboff\u00a0\u00bb background_layout=\u00a0\u00bbdark\u00a0\u00bb auto=\u00a0\u00bbon\u00a0\u00bb hover_overlay_color=\u00a0\u00bbrgba(255,255,255,0.9)\u00a0\u00bb caption_all_caps=\u00a0\u00bboff\u00a0\u00bb use_border_color=\u00a0\u00bboff\u00a0\u00bb border_color=\u00a0\u00bb#ffffff\u00a0\u00bb border_style=\u00a0\u00bbsolid\u00a0\u00bb custom_css_main_element=\u00a0\u00bbheight:485px\u00a0\u00bb auto_speed=\u00a0\u00bb4000&Prime;] [\/et_pb_gallery][\/et_pb_column_inner][\/et_pb_row_inner][\/et_pb_column][et_pb_column type=\u00a0\u00bb1_4&Prime;][et_pb_text admin_label=\u00a0\u00bbTexte\u00a0\u00bb background_layout=\u00a0\u00bbdark\u00a0\u00bb text_orientation=\u00a0\u00bbleft\u00a0\u00bb use_border_color=\u00a0\u00bbon\u00a0\u00bb border_color=\u00a0\u00bb#783092&Prime; border_style=\u00a0\u00bbsolid\u00a0\u00bb background_color=\u00a0\u00bb#783092&Prime; border_width=\u00a0\u00bb14px\u00a0\u00bb]<\/p>\n<h2><\/h2>\n<h2>Conseil et communication<\/h2>\n<p>Toute l&rsquo;ann\u00e9e nous mettons en place des <strong>outils de communication<\/strong> aupr\u00e8s de vos convives\u00a0pour <strong>valoriser la qualit\u00e9<\/strong> des produits servis.<\/p>\n<p>Notre d\u00e9marche \u00ab\u00a0<span style=\"color: #ffffff;\"><strong><a style=\"color: #ffffff;\" href=\"http:\/\/www.jardindici.fr\">Jardin d&rsquo;ICI<\/a><\/strong><\/span>\u00a0\u00bb met en avant les produits de r\u00e9gions au rythme des saisons.<\/p>\n<p>A travers diff\u00e9rentes <strong>animations<\/strong>, nos \u00e9quipes s&rsquo;investissent dans un v\u00e9ritable effort de promotion des fruits et l\u00e9gumes frais :<\/p>\n<ul>\n<li>D\u00e9gustations,<\/li>\n<li>Mises en avant des produits locaux<\/li>\n<li>Fraich&rsquo;attitude<\/li>\n<li>Semaine du go\u00fbt<\/li>\n<li>Printemps BIO<\/li>\n<li>Semaine du D\u00e9veloppement Durable<\/li>\n<\/ul>\n<p>Nous participons r\u00e9guli\u00e8rement \u00e0 des salons professionnels dans lesquels nous puisons les derni\u00e8res tendances afin d&rsquo;\u00eatre <strong>innovants<\/strong> et <strong>force de proposition<\/strong> dans nos gammes.<\/p>\n<p>&nbsp;<\/p>\n<p>[\/et_pb_text][et_pb_text admin_label=\u00a0\u00bbTexte\u00a0\u00bb background_layout=\u00a0\u00bbdark\u00a0\u00bb text_orientation=\u00a0\u00bbleft\u00a0\u00bb background_color=\u00a0\u00bb#9ccb3b\u00a0\u00bb use_border_color=\u00a0\u00bbon\u00a0\u00bb border_color=\u00a0\u00bb#9ccb3b\u00a0\u00bb border_width=\u00a0\u00bb14px\u00a0\u00bb border_style=\u00a0\u00bbsolid\u00a0\u00bb text_text_color=\u00a0\u00bb#ffffff\u00a0\u00bb]<\/p>\n<p style=\"text-align: left;\"><strong>Pour plus d&rsquo;informations, notre \u00e9quipe se tient\u00a0\u00e0 votre disposition au 02.48.23.74.74.<\/strong><\/p>\n<p style=\"text-align: left;\"><strong>Vous pouvez \u00e9galement les contacter via le <span style=\"text-decoration: underline;\"><span style=\"color: #ffffff;\"><a style=\"color: #ffffff; text-decoration: underline;\" href=\"http:\/\/www.colomalberti.fr\/index.php\/formulaire-de-contact-rhd\/\">formulaire de contact<\/a><\/span><\/span>.<\/strong><\/p>\n<p>[\/et_pb_text][\/et_pb_column][\/et_pb_section][et_pb_section admin_label=\u00a0\u00bbSection\u00a0\u00bb fullwidth=\u00a0\u00bboff\u00a0\u00bb specialty=\u00a0\u00bboff\u00a0\u00bb][et_pb_row admin_label=\u00a0\u00bbLigne\u00a0\u00bb][et_pb_column type=\u00a0\u00bb4_4&Prime;][et_pb_text admin_label=\u00a0\u00bbTexte\u00a0\u00bb background_layout=\u00a0\u00bblight\u00a0\u00bb text_orientation=\u00a0\u00bbleft\u00a0\u00bb use_border_color=\u00a0\u00bboff\u00a0\u00bb border_color=\u00a0\u00bb#ffffff\u00a0\u00bb border_style=\u00a0\u00bbsolid\u00a0\u00bb]<\/p>\n<hr \/>\n<p>&nbsp;<\/p>\n<p>[\/et_pb_text][\/et_pb_column][\/et_pb_row][\/et_pb_section][et_pb_section admin_label=\u00a0\u00bbSection\u00a0\u00bb fullwidth=\u00a0\u00bbon\u00a0\u00bb specialty=\u00a0\u00bboff\u00a0\u00bb background_image=\u00a0\u00bbhttp:\/\/www.colomalberti.fr\/wp-content\/uploads\/2015\/12\/restauration-hors-domicile.jpg\u00a0\u00bb transparent_background=\u00a0\u00bboff\u00a0\u00bb allow_player_pause=\u00a0\u00bboff\u00a0\u00bb inner_shadow=\u00a0\u00bboff\u00a0\u00bb parallax=\u00a0\u00bbon\u00a0\u00bb parallax_method=\u00a0\u00bboff\u00a0\u00bb padding_mobile=\u00a0\u00bboff\u00a0\u00bb make_fullwidth=\u00a0\u00bboff\u00a0\u00bb use_custom_width=\u00a0\u00bboff\u00a0\u00bb width_unit=\u00a0\u00bbon\u00a0\u00bb make_equal=\u00a0\u00bboff\u00a0\u00bb use_custom_gutter=\u00a0\u00bboff\u00a0\u00bb custom_css_main_element=\u00a0\u00bbheight:150px\u00a0\u00bb][\/et_pb_section]<\/p>\n","protected":false},"excerpt":{"rendered":"<p>La restauration sociale hors domicile (RHD) Nous diposons d&rsquo;une offre\u00a0compl\u00e8te et vari\u00e9e adapt\u00e9e \u00e0 la restauration sociale hors domicile : 1\u00e8re gamme : fruits et l\u00e9gumes frais 4\u00e8me gamme : fruits et l\u00e9gumes transform\u00e9s crus pr\u00eats \u00e0 l&#8217;emploi 5\u00e8me gamme : produits transform\u00e9s cuits (pommes de terre, frites, salades traiteurs) Une gamme BIO Nos produits [&hellip;]<\/p>\n","protected":false},"author":1,"featured_media":0,"parent":0,"menu_order":0,"comment_status":"closed","ping_status":"closed","template":"","meta":{"_et_pb_use_builder":"on","_et_pb_old_content":"","_et_gb_content_width":""},"yoast_head":"<!-- This site is optimized with the Yoast SEO plugin v18.6 - https:\/\/yoast.com\/wordpress\/plugins\/seo\/ -->\n<title>Offre Restauration sociale hors domicile | Colom Alberti<\/title>\n<meta name=\"description\" content=\"D\u00e9couvrez l&#039;offre de Colom Alberti, distributeurs de fruits et l\u00e9gumes frais, semi-\u00e9labor\u00e9s et \u00e9labor\u00e9s au service de la restauration sociale hors domicile.\" \/>\n<meta name=\"robots\" content=\"index, follow, max-snippet:-1, max-image-preview:large, max-video-preview:-1\" \/>\n<link rel=\"canonical\" href=\"http:\/\/www.mag-fruits.fr\/index.php\/offre-restauration-sociale-hors-domicile\/\" \/>\n<meta property=\"og:locale\" content=\"fr_FR\" \/>\n<meta property=\"og:type\" content=\"article\" \/>\n<meta property=\"og:title\" content=\"Offre Restauration sociale hors domicile | Colom Alberti\" \/>\n<meta property=\"og:description\" content=\"D\u00e9couvrez l&#039;offre de Colom Alberti, distributeurs de fruits et l\u00e9gumes frais, semi-\u00e9labor\u00e9s et \u00e9labor\u00e9s au service de la restauration sociale hors domicile.\" \/>\n<meta property=\"og:url\" content=\"http:\/\/www.mag-fruits.fr\/index.php\/offre-restauration-sociale-hors-domicile\/\" \/>\n<meta property=\"og:site_name\" content=\"Colom Alberti\" \/>\n<meta property=\"article:modified_time\" content=\"2022-04-27T09:04:55+00:00\" \/>\n<meta name=\"twitter:card\" content=\"summary\" \/>\n<meta name=\"twitter:label1\" content=\"Dur\u00e9e de lecture estim\u00e9e\" \/>\n\t<meta name=\"twitter:data1\" content=\"5 minutes\" \/>\n<script type=\"application\/ld+json\" class=\"yoast-schema-graph\">{\"@context\":\"https:\/\/schema.org\",\"@graph\":[{\"@type\":\"WebSite\",\"@id\":\"https:\/\/www.colomalberti.fr\/#website\",\"url\":\"https:\/\/www.colomalberti.fr\/\",\"name\":\"Colom Alberti\",\"description\":\"Au coeur du frais\",\"potentialAction\":[{\"@type\":\"SearchAction\",\"target\":{\"@type\":\"EntryPoint\",\"urlTemplate\":\"https:\/\/www.colomalberti.fr\/?s={search_term_string}\"},\"query-input\":\"required name=search_term_string\"}],\"inLanguage\":\"fr-FR\"},{\"@type\":\"WebPage\",\"@id\":\"http:\/\/www.mag-fruits.fr\/index.php\/offre-restauration-sociale-hors-domicile\/#webpage\",\"url\":\"http:\/\/www.mag-fruits.fr\/index.php\/offre-restauration-sociale-hors-domicile\/\",\"name\":\"Offre Restauration sociale hors domicile | Colom Alberti\",\"isPartOf\":{\"@id\":\"https:\/\/www.colomalberti.fr\/#website\"},\"datePublished\":\"2015-11-24T09:23:41+00:00\",\"dateModified\":\"2022-04-27T09:04:55+00:00\",\"description\":\"D\u00e9couvrez l'offre de Colom Alberti, distributeurs de fruits et l\u00e9gumes frais, semi-\u00e9labor\u00e9s et \u00e9labor\u00e9s au service de la restauration sociale hors domicile.\",\"breadcrumb\":{\"@id\":\"http:\/\/www.mag-fruits.fr\/index.php\/offre-restauration-sociale-hors-domicile\/#breadcrumb\"},\"inLanguage\":\"fr-FR\",\"potentialAction\":[{\"@type\":\"ReadAction\",\"target\":[\"http:\/\/www.mag-fruits.fr\/index.php\/offre-restauration-sociale-hors-domicile\/\"]}]},{\"@type\":\"BreadcrumbList\",\"@id\":\"http:\/\/www.mag-fruits.fr\/index.php\/offre-restauration-sociale-hors-domicile\/#breadcrumb\",\"itemListElement\":[{\"@type\":\"ListItem\",\"position\":1,\"name\":\"Accueil\",\"item\":\"https:\/\/www.colomalberti.fr\/\"},{\"@type\":\"ListItem\",\"position\":2,\"name\":\"Offre Restauration collective\"}]}]}<\/script>\n<!-- \/ Yoast SEO plugin. -->","yoast_head_json":{"title":"Offre Restauration sociale hors domicile | Colom Alberti","description":"D\u00e9couvrez l'offre de Colom Alberti, distributeurs de fruits et l\u00e9gumes frais, semi-\u00e9labor\u00e9s et \u00e9labor\u00e9s au service de la restauration sociale hors domicile.","robots":{"index":"index","follow":"follow","max-snippet":"max-snippet:-1","max-image-preview":"max-image-preview:large","max-video-preview":"max-video-preview:-1"},"canonical":"http:\/\/www.mag-fruits.fr\/index.php\/offre-restauration-sociale-hors-domicile\/","og_locale":"fr_FR","og_type":"article","og_title":"Offre Restauration sociale hors domicile | Colom Alberti","og_description":"D\u00e9couvrez l'offre de Colom Alberti, distributeurs de fruits et l\u00e9gumes frais, semi-\u00e9labor\u00e9s et \u00e9labor\u00e9s au service de la restauration sociale hors domicile.","og_url":"http:\/\/www.mag-fruits.fr\/index.php\/offre-restauration-sociale-hors-domicile\/","og_site_name":"Colom Alberti","article_modified_time":"2022-04-27T09:04:55+00:00","twitter_card":"summary","twitter_misc":{"Dur\u00e9e de lecture estim\u00e9e":"5 minutes"},"schema":{"@context":"https:\/\/schema.org","@graph":[{"@type":"WebSite","@id":"https:\/\/www.colomalberti.fr\/#website","url":"https:\/\/www.colomalberti.fr\/","name":"Colom Alberti","description":"Au coeur du frais","potentialAction":[{"@type":"SearchAction","target":{"@type":"EntryPoint","urlTemplate":"https:\/\/www.colomalberti.fr\/?s={search_term_string}"},"query-input":"required name=search_term_string"}],"inLanguage":"fr-FR"},{"@type":"WebPage","@id":"http:\/\/www.mag-fruits.fr\/index.php\/offre-restauration-sociale-hors-domicile\/#webpage","url":"http:\/\/www.mag-fruits.fr\/index.php\/offre-restauration-sociale-hors-domicile\/","name":"Offre Restauration sociale hors domicile | Colom Alberti","isPartOf":{"@id":"https:\/\/www.colomalberti.fr\/#website"},"datePublished":"2015-11-24T09:23:41+00:00","dateModified":"2022-04-27T09:04:55+00:00","description":"D\u00e9couvrez l'offre de Colom Alberti, distributeurs de fruits et l\u00e9gumes frais, semi-\u00e9labor\u00e9s et \u00e9labor\u00e9s au service de la restauration sociale hors domicile.","breadcrumb":{"@id":"http:\/\/www.mag-fruits.fr\/index.php\/offre-restauration-sociale-hors-domicile\/#breadcrumb"},"inLanguage":"fr-FR","potentialAction":[{"@type":"ReadAction","target":["http:\/\/www.mag-fruits.fr\/index.php\/offre-restauration-sociale-hors-domicile\/"]}]},{"@type":"BreadcrumbList","@id":"http:\/\/www.mag-fruits.fr\/index.php\/offre-restauration-sociale-hors-domicile\/#breadcrumb","itemListElement":[{"@type":"ListItem","position":1,"name":"Accueil","item":"https:\/\/www.colomalberti.fr\/"},{"@type":"ListItem","position":2,"name":"Offre Restauration collective"}]}]}},"_links":{"self":[{"href":"http:\/\/www.colomalberti.fr\/index.php\/wp-json\/wp\/v2\/pages\/103"}],"collection":[{"href":"http:\/\/www.colomalberti.fr\/index.php\/wp-json\/wp\/v2\/pages"}],"about":[{"href":"http:\/\/www.colomalberti.fr\/index.php\/wp-json\/wp\/v2\/types\/page"}],"author":[{"embeddable":true,"href":"http:\/\/www.colomalberti.fr\/index.php\/wp-json\/wp\/v2\/users\/1"}],"replies":[{"embeddable":true,"href":"http:\/\/www.colomalberti.fr\/index.php\/wp-json\/wp\/v2\/comments?post=103"}],"version-history":[{"count":40,"href":"http:\/\/www.colomalberti.fr\/index.php\/wp-json\/wp\/v2\/pages\/103\/revisions"}],"predecessor-version":[{"id":1132,"href":"http:\/\/www.colomalberti.fr\/index.php\/wp-json\/wp\/v2\/pages\/103\/revisions\/1132"}],"wp:attachment":[{"href":"http:\/\/www.colomalberti.fr\/index.php\/wp-json\/wp\/v2\/media?parent=103"}],"curies":[{"name":"wp","href":"https:\/\/api.w.org\/{rel}","templated":true}]}}